5 = 3*n - 0*n. What is the tens digit of r?
2
Let l = -18 + 8. Let s = l + 26. What is the units digit of s?
6
Let l be 9 - (-2 - -2 - -2). Suppose 0 = -4*z - 1 - l. Let o(s) = 4*s**2 + 4*s + 2. What is the tens digit of o(z)?
1
Let g(n) = -2*n - 6. Suppose -4*h = -5*h - 7. Let a = 1 + h. What is the units digit of g(a)?
6
Let z be 6 + -30 + (-6)/2. Let s = 0 - z. Let i = s + -14. What is the units digit of i?
3
Suppose s - 3 - 101 = 0. What is the units digit of s?
4
Let h = 40 - 9. What is the tens digit of h?
3
Let j(x) be the first derivative of 5*x**2/2 + 2*x + 5. What is the units digit of j(2)?
2
Suppose -1280 = -38*q + 30*q. What is the units digit of q?
0
Let x(k) = k**2 - 5*k + 4. What is the tens digit of x(7)?
1
Let a = 3 + 2. Suppose -h = 3 - 6, a*y - h = 47. What is the units digit of y?
0
Let s = 5 + -14. What is the units digit of (-3)/12 - s/4?
2
Suppose j - 112 = 4*l, -3*j - 4*l = -j - 164. What is the units digit of j?
2
Let o(q) = -q**2 + 5*q - 2. Let z be o(2). Suppose -2*d + 12 = 3*u - 2*u, 5*d + z*u = 36. What is the units digit of -2 + d - 2/(-2)?
3
Let r(y) = 53*y**2 + 3*y - 8. What is the units digit of r(2)?
0
Let d(c) = c**2 - c - 1. Let w be d(3). Suppose -w*l - 8 - 20 = -2*x, l = 5*x - 24. What is the units digit of -1 + 1 + l/(-1)?
4
Let p be 3 - (32 - -1)/(-1). What is the tens digit of (-2)/(-8) + 567/p?
1
Suppose 5*n - 553 = 2*n - 4*f, -5*f - 875 = -5*n. What is the tens digit of n?
7
Let z(w) = w - 4. Suppose -4*q - 5*h = -44 - 5, 0 = -q - 4*h + 4. Let o = q - 10. What is the units digit of z(o)?
2
Let r(s) = s - 4. Let v be r(6). What is the units digit of v/7 - 141/(-21)?
7
Let d(z) = 3*z**2 - z + 2. Let q be d(-2). What is the units digit of -2 + 5 - (1 - q)?
8
Suppose -321 = -2*d + 2*i - 117, -3*d + 4*i = -308. Suppose -b + d = 4*b. What is the tens digit of b?
2
Let c be (-6)/(-4)*(-14)/(-3). Let a(l) = -2*l + 6. Let t be a(5). Let y = c - t. What is the tens digit of y?
1
Let m = 25 - -37. What is the tens digit of m?
6
Let h(j) be the third derivative of -j**6/120 - j**5/4 + 7*j**3/6 - 7*j**2. What is the units digit of h(-15)?
7
Let s be 6*(-3 + 39/9). Suppose 3 + s = m. What is the units digit of m?
1
Let t = 43 + -5. What is the tens digit of t?
3
Suppose -k + 12 = -25. What is the units digit of k?
7
Let f(x) = 15*x**2 - 2*x + 1. Let m(z) = -z**3 - 2*z**2 - z - 1. Let s be m(-2). What is the units digit of f(s)?
4
Suppose v + 121 = 5*a, -5*v + 13 = -7. What is the tens digit of a?
2
Let b(a) = a**3 - 6*a**2 - 8*a + 9. Let z be b(7). Suppose z*k - 1 = k. What is the units digit of k?
1
Suppose 4*l + 5 = 17. Let o(d) = d**3 - 4*d**2 + 4*d - 1. Let c be o(l). Let r = c + 3. What is the units digit of r?
5
What is the units digit of 6*3*(-1)/(-10)*5?
9
Suppose -2*o = 5*p - 113, -3*o + 0*o + 167 = 5*p. What is the tens digit of o?
5
What is the tens digit of (-1)/5 - (-4823)/65?
7
Let a(r) = -14*r**2 + 2*r - 1. Let x be a(1). Suppose 2*z = -4*o - 3*z + 104, -5*o - 3*z + 117 = 0. Let l = x + o. What is the units digit of l?
8
Suppose -3*y + y = 8, u = 3*y + 3. Let h(d) = d**2 + 8*d - 2. What is the units digit of h(u)?
7
Suppose 3*f + 29 = 8. Let k = -5 - f. What is the units digit of k?
2
Let k = 348 + -246. What is the hundreds digit of k?
1
Let r = -6 + 6. Suppose 4*c + 21 + 15 = r. Let k = -6 - c. What is the units digit of k?
3
Let z = 71 - -7. What is the tens digit of z?
7
Let z(s) = -s**3 - s**2 + s - 2. Let g be z(-5). Suppose g = 4*p + 5*v + 18, -4*p - 4*v = -76. What is the tens digit of p?
2
Let n = -8 + 10. Suppose -4*j = 5*u + 10, -5*j + 17 - 48 = -3*u. Suppose -56 = -n*l - u*l. What is the tens digit of l?
1
What is the units digit of -19*((0 - 3) + 1)?
8
Suppose 5*r - 3*z + 23 = 0, 0*z = -2*r - 2*z - 6. Suppose 0*t + t - 12 = 0. What is the units digit of (r/t)/(3/(-36))?
4
Let b(x) = -x. Let g be b(-3). Suppose g*d = 2*d + 5. Suppose 0*n = -d*n + 20. What is the units digit of n?
4
Suppose 5*x + m - 127 = 0, -3*m + 135 = 5*x + 2*m. What is the units digit of x?
5
Let n be (-8)/2*1/2. What is the units digit of (1 + n)/((-5)/30)?
6
Let y(x) = -x**2 + 6*x + 10. Let v be y(7). Suppose 0*h = -v*h - 6. Let d = 1 - h. What is the units digit of d?
3
Let c be 109*3/(-6 - -3). Let s = -65 - c. What is the units digit of s?
4
Suppose -2*t - t = -9. What is the units digit of t?
3
Let b(z) = 6*z. Let x be b(1). Let s(h) = -6 + 3*h**3 + 2*h**2 - 4*h**3 - 4*h + 5*h**2. What is the units digit of s(x)?
6
Let h(a) = a**3 + 10*a**2 + 9*a + 8. Suppose 0 = 3*l - 4*x - 32 + 7, -4*l = -3*x - 24. Suppose 0 - 27 = l*n. What is the units digit of h(n)?
8
Let s be 2 - (-1 + 1)/(-1). Let g be (s + 4)/(-3) + 33. Suppose -g = -5*o + 9. What is the units digit of o?
8
What is the tens digit of (-2)/(-11) - 24141/(-143)?
6
Suppose p = 3*v + 12, 3*p - 3*v - 44 - 16 = 0. Let a = p - 16. Let q = 17 - a. What is the units digit of q?
9
What is the tens digit of 158/(-2)*(0 + -1)?
7
Let u(v) = -v**2 - 10*v - 3. What is the units digit of u(-7)?
8
Suppose -4 = -4*a + 5*a, 3*z = 3*a + 15. What is the units digit of (-4)/(-12)*33*z?
1
Suppose -2*n + 5*u + 21 = -18, -3*n + 41 = -4*u. Let m be (-9)/(-3) + 0/5. Suppose m*q - n = 11. What is the units digit of q?
6
Let u(t) = t - 4. Let s be u(5). What is the units digit of -1 + s + -1 - -2?
1
Suppose 3*a + 17 = h - 3, 4*a - 16 = 0. What is the units digit of h?
2
Let d(c) = c + 7. Let r be (1 - 0)/((-5)/25). Let p be d(r). Suppose 0*x = -g + p*x + 14, 0 = 5*x + 20. What is the units digit of g?
6
Let n be (1*(2 - 2))/(-1). Suppose i + n = 4. Suppose p + 2*y = 4, 0 = i*p - 0*y - 2*y - 36. What is the units digit of p?
8
Suppose 0 = 3*w - 51 - 75. Let a = w - 29. What is the units digit of a?
3
Let c be 75/(-5)*(-2)/(-3). What is the units digit of 1 - -1*c/(-2)?
6
Suppose -17 + 5 = 3*i. Let k(a) = -a**3 - 4*a**2 + 3. What is the units digit of k(i)?
3
Suppose -4*p + 36 = 3*y, 0 = 2*y - 3*y - 4. What is the units digit of -1*6/(-8)*p?
9
Let v(p) = -p**2 + 5. Suppose 3*o = 4*k + 9, 4*o + 3 = 7*o - 2*k. Let m = o + 1. What is the units digit of v(m)?
5
What is the units digit of (6/(-4))/(1/(-6))?
9
Let b(v) = 3*v**2 - 7*v + 7. Let f(u) = -10*u**2 + 22*u - 22. Let y(a) = 7*b(a) + 2*f(a). What is the units digit of y(7)?
9
Let l(r) = -r - 16. Let t be l(-16). Suppose t = -5*f + 59 + 36. What is the units digit of f?
9
Let d(s) = 0*s - 1 + 0*s + 4*s**2 + 2*s + s**3. Let r be d(-2). What is the units digit of 4*(18/4)/r?
6
Let i(u) be the third derivative of -u**5/60 + u**4/4 + 7*u**3/6 - 3*u**2. Let y be i(7). Suppose -c - 3*c + 68 = y. What is the tens digit of c?
1
Let f(d) = -d + 4. Let b be f(2). Let p be (5 - 2 - b) + 0. Suppose p = -m + 2*y, -2*m - 4*y + 1 + 5 = 0. What is the units digit of m?
1
Let z(l) = l**3 - 5*l**2 + 6*l - 3. What is the tens digit of z(5)?
2
Let g(l) = l**3 - l**2 - l + 1. Let t(x) = 3*x - x**2 + 1 - x - 2. Let j be t(1). What is the units digit of g(j)?
1
Let g = -2 - 1. What is the units digit of (g/(-2))/(8/48)?
9
Suppose -3*l + 7 + 2 = 4*n, 3*l - 6 = -3*n. Suppose -n*q - 2*a = -71 - 12, 0 = -2*a + 2. What is the units digit of q?
7
Suppose 5*b = 5*o, -4*b + 11 - 1 = -2*o. Suppose 2*c - 4*p = 46 + 42, 2*p - 196 = -o*c. What is the units digit of c?
0
What is the hundreds digit of 7992/24 - -2*2/4?
3
Let h(y) = -y**2 - 8*y - 6. Let r be h(-8). What is the tens digit of r/4*(-114)/9?
1
Suppose z + 4 = -2*q - 2, -15 = 3*q + 3*z. What is the units digit of (-1)/q - (-4)/2?
3
Let k = 7 - 1. Suppose 2*l + 23 = 5*q, 3*q - l + 11 = -k*l. Suppose q*w = 10 + 2. What is the units digit of w?
4
Let i = -42 - -108. What is the units digit of i?
6
Let w(t) = -86*t - 2. What is the units digit of w(-1)?
4
Let y(q) = 2*q**2 - 3*q + 1. Let o be y(3). Let l = o - 16. What is the units digit of ((-20)/l)/(8/36)?
5
Let f(u) = 7*u - 105. What is the tens digit of f(25)?
7
Let m(k) be the first derivative of k**4/4 - 4*k**3/3 - 3*k**2/2 + 2*k + 1. What is the units digit of m(5)?
2
Suppose d - 5 = -1. Suppose -5*l - 3*w - 2*w = -80, l + 5*w + d = 0. What is the units digit of l?
1
Let s be 0 + 1*(2 + -3). What is the units digit of -3 + 32 + s + 3?
1
Let v = -2 - -5. Suppose -17 = 4*r + 5*q + 9, 0 = 2*r - v*q + 2. Let w = r + 8. What is the units digit of w?
4
Let p